. Suppose 0 = -5*d + 4*x + 270, -2*d = -x + 40 - 151. Let s = d - j. Is s a prime number?
True
Suppose -5*x + 410 = -5*j, -2*x = j - 72 - 107. Is x a prime number?
False
Suppose -4*j + 35 = j. Is j a prime number?
True
Suppose 2*s - 21 - 25 = 0. Is s composite?
False
Let x(o) = 4*o. Let c be x(3). Is ((-98)/(-6))/(4/c) prime?
False
Suppose j = -0*j. Let x(s) = -s**2 + 30. Let f be x(j). Suppose 5*h = 3*h + f. Is h prime?
False
Let u(i) = -i**2 + 7*i + 15. Let h be u(7). Suppose 0 = 4*t - 0*t + 12. Is t/(-2)*190/h a composite number?
False
Let t = -151 - -334. Is t a prime number?
False
Let p = 29381 - 20088. Is p a prime number?
True
Suppose 6*f = f - 2*y + 2697, 0 = 2*f - 3*y - 1094. Is f a prime number?
True
Suppose -z + 8*i = 3*i + 35, 4*z + i = -35. Let m(j) = 3*j + 5. Let c be m(-4). Let l = c - z. Is l composite?
False
Suppose 0 = k - 0*k - 5*i - 214, 5*k = 2*i + 1001. Is k a composite number?
False
Let o(y) = y**3 + 7*y**2 - y + 8. Is o(-7) a prime number?
False
Suppose r - 160 = -4*r. Suppose -5*w - r - 18 = 0. Is 2626/10 - 4/w a prime number?
True
Is ((-795)/(-10) - -2)/((-1)/(-6)) prime?
False
Let z = -134 + 319. Is z composite?
True
Let s be 96/(-10) - 2/5. Let u = s + -1. Is u*(-1)/(3/3) a prime number?
True
Let t(w) = w - 10. Let j be t(15). Suppose -j*i = -10, 5*i - 76 = -2*d + 72. Is d prime?
False
Is (-1782)/(-14) - (-2)/(-7) a prime number?
True
Is -3 - -2*(-2)/(-4) - -373 prime?
False
Let z(g) = -g**2 - 2*g - 4. Let y be z(3). Suppose a = 10 - 55. Let p = y - a. Is p composite?
True
Let f(h) be the second derivative of h**4/6 - 5*h**3/6 - 2*h. Let u(t) = -t**3 - 7*t**2 - 6*t + 5. Let n be u(-6). Is f(n) prime?
False
Let q(i) be the third derivative of 2*i**4 - i**3/6 + 2*i**2. Let x be 2*-4*(-3)/24. Is q(x) composite?
False
Let w(s) = 92*s + 53. Is w(18) a prime number?
True
Suppose 0 = -3*r - 4*x + 28, 2*r - x = r. Suppose -2*g + r*j - 3 = 1, -2*j = -3*g + 10. Suppose 250 = p + 3*a, g*p - p = a + 1170. Is p a prime number?
False
Let o = -182 + 369. Is o a composite number?
True
Let d(v) = v**2 - 4*v - 1 - 2*v - 6. Let n be d(7). Suppose -s = -2*p + 168, 5*p + n*s - 423 = s. Is p a composite number?
True
Let w = -144 + 271. Is (3 - -2 - 4)*w prime?
True
Let u(v) = 2*v**3 + 9*v**2 - 10*v + 2. Let h(m) = -4*m**3 - 19*m**2 + 21*m - 5. Let t(o) = -4*h(o) - 9*u(o). Is t(-5) a prime number?
True
Let m(f) = -149*f - 2. Is m(-3) prime?
False
Let m(l) = -l**3 - 12*l**2 + 6*l + 51. Is m(-16) a composite number?
True
Suppose j + l = 4, j - 8 = -j + 5*l. Suppose -j*w + 67 + 57 = 0. Is w a prime number?
True
Suppose -3*i + 4 + 5 = 0. Let p be (6/(-9))/((-1)/(-3)). Is p/i + (-71)/(-3) a composite number?
False
Let w(v) = -v**2 + 10*v + 14. Let c be w(11). Suppose -c*a + 79 = -2*a. Is a prime?
True
Suppose -2*u - 552 = 4*g + g, -g - 100 = 3*u. Let r = g + 197. Is r a prime number?
False
Let t(n) = -48*n - 10. Is t(-7) prime?
False
Suppose 0 = -0*d + d. Suppose 2*v - 2 + 6 = d. Let q = 1 - v. Is q a composite number?
False
Let r(h) = 6*h + 8. Let w be r(9). Let k = w + -9. Is k composite?
False
Suppose 2*z = z + 5. Is z/15 - 32/(-3) a prime number?
True
Suppose 19 = o - 4*o - 2*w, 0 = -3*w + 3. Let f = o - -11. Suppose u - 9 = f*b + 6, u = -b + 10. Is u a prime number?
True
Suppose 0 = -4*u, -u + 3*u = -q + 3. Let x(h) = -4*h + 4 + q*h**2 + 0*h**3 - 2*h**3 + 3*h**3. Is x(-4) composite?
True
Suppose -i + 20 = 4*i. Suppose -i*q - v = -478, -3*v - 66 + 191 = q. Is q composite?
True
Suppose 4*y + 20 = -0*y. Let q be y*(3 + -2)*-23. Let u = -60 + q. Is u a composite number?
True
Let r(s) = -106*s - 17. Is r(-4) a prime number?
False
Suppose 0 = 4*r + 5*g - 23, -g - 2*g = -9. Suppose -483 = -v - r*d, -479 = -v - d - 3*d. Is v a composite number?
False
Let f = -300 - -697. Is f a prime number?
True
Suppose -2*h - c + 13 = 0, 4*h - 6 - 17 = -5*c. Let f = h + -5. Suppose 0 = -s + n + 184, -3*s - f*n - 3*n = -528. Is s a composite number?
False
Suppose 2095 = 11*w - 6*w. Is w composite?
False
Is (-2)/9 + (-314804)/(-252) a prime number?
True
Suppose 14 - 4 = 5*g. Suppose -g*a = 3*r - 82, r + 62 + 36 = 2*a. Is a composite?
False
Is (-1 + 2)*(702 - -7) a composite number?
False
Let w(z) = -13*z + 28. Is w(-6) composite?
True
Is -6*(-1678)/16 - (-3)/(-12) a prime number?
False
Let f(u) = 2*u**3 - 3*u**2 - u + 1. Let n be 52/(-16) + 2/8. Let q be (-3 + (0 - -2))*n. Is f(q) prime?
False
Let f(a) be the first derivative of 3*a**2/2 - 2*a - 2. Let v be f(2). Is ((-94)/(-4))/(2/v) prime?
True
Let o = -3 + 6. Suppose -c = n - 44, 0*n - 2*n - o*c = -89. Is n a prime number?
True
Suppose -648 = -5*w - 53. Let c = 166 - w. Is c a composite number?
False
Let w(t) = -t**3 + 3*t**2 + 11*t + 6. Is w(5) composite?
False
Suppose 0 = -2*f + f - 145. Let t = 0 - f. Is t prime?
False
Suppose 4*m + 5588 = 4*r, 5*m = 10*r - 9*r - 1389. Is r a prime number?
True
Let p = 36 + 29. Let b be (-1 + 4 - 3)*1. Suppose -3*i - 2*i + p = b. Is i a composite number?
False
Is (6 + -4 - -204)/2 a composite number?
False
Is (-8)/(-12)*(-1 - (-1013)/2) composite?
False
Let s(f) = f**2 + 6*f - 5. Let g be s(-7). Suppose 2*r - 3*n = -g - 7, 3*n = 5*r + 9. Suppose -2*q + 1 + 61 = r. Is q prime?
True
Let o(q) = -211*q - 17. Is o(-6) a prime number?
True
Let b = -272 + 541. Is b prime?
True
Is 77 + (0/(-4))/2 composite?
True
Let n = 23 + 16. Is n composite?
True
Suppose -z + 4*b = -17, 5*b + 44 - 13 = 2*z. Suppose 3*j = -j + 5*q + 26, -2*q + z = j. Is ((-3)/j)/((-1)/201) prime?
True
Let o(n) = -n**2 - 5*n. Let v be o(-5). Let l(j) = j**2 + j + 15. Is l(v) composite?
True
Suppose 2*t = t + 2*k + 196, 2*t + k = 372. Suppose -2*n + t = 2*n. Is n composite?
False
Let f = -28 - -65. Is f a composite number?
False
Let o(y) = -y - 3. Let t be o(-5). Let u be 476/12 + 4/(-6). Let a = u - t. Is a a composite number?
False
Let g = 2085 - 1232. Is g a prime number?
True
Suppose 5*z - 5*b = 530, -3*z + 7*b - 3*b = -320. Let l = -4 - -9. Suppose d = l*d - z. Is d a composite number?
True
Let g(o) = -1702*o + 1. Let m be g(-1). Suppose 0 = -4*b + m - 339. Is b a prime number?
False
Is ((-11)/(-44))/(2/4744) composite?
False
Suppose -5*k + 3*x = -8231 + 1242, 0 = -4*k + 5*x + 5586. Is k prime?
True
Let i(y) be the first derivative of 13*y**4/4 + y**3 - y**2/2 + 4*y - 2. Is i(3) a prime number?
True
Suppose 8*p = 206 + 66. Is p composite?
True
Suppose -15 + 7 = -4*z. Suppose 0 = z*f - 34 - 364. Is f composite?
False
Let b(x) be the third derivative of x**6/40 - x**5/15 + x**4/24 - 5*x**3/6 - x**2. Let t be b(4). Let f = t + -50. Is f a composite number?
True
Let v be (81/36)/((-3)/8). Is 771/6 + v/4 a composite number?
False
Suppose -4718 = -16*h + 2*h. Is h prime?
True
Suppose 4*m = m + 963. Is m composite?
True
Let t(v) = v**2 + 8*v + 2. Let o be t(-8). Suppose -2*p = -o*f - 36, -p + 2*f + 14 + 7 = 0. Is p a prime number?
False
Let t(q) = 26*q. Let d be t(1). Let o = d + 41. Is o a composite number?
False
Let l(v) = 2*v**2 - 3*v + 1. Let t be l(2). Suppose 2*s = -5*b + 1089, t*s = -b - s + 207. Let k = b + -64. Is k composite?
True
Let c(k) = -19*k + 2. Suppose -y + 6*b - 19 = 2*b, -y = -b + 7. Is c(y) prime?
True
Suppose -h = -5*t - 3*h + 7, t + 4*h + 13 = 0. Suppose -2*u = -3*c + 79 + 100, -c + 62 = -t*u. Is c a prime number?
True
Let y = 2041 + -680. Is y a composite number?
False
Let f = 1 - 2. Let t(p) = 193*p. Let z be t(f). Let w = z + 404. Is w a prime number?
True
Suppose -2*t + 2*l = -4628, -2*t = -6*t - 2*l + 9226. Is t composite?
False
Let h = -1185 + 1726. Is h prime?
True
Let b(p) = 3*p**2 - 22*p + 21. Is b(16) composite?
True
Suppose 4*c = 0, 4*h - 4 = -c - 0. Let d(i) = i - 6. Let v be d(8). Is 0 + (v - -9)*h a prime number?
True
Let b(o) be the first derivative of -o**4/4 + o**3 - o + 2. Is b(-3) a composite number?
False
Is (1/(-2) - 1)*(-4642)/3 composite?
True
Suppose 6*f + 106 = 4*f. Is (f/(-3))/(2/6) prime?
True
Is (-2)/(-8) + (-1990)/(-8) a composite number?
True
Let a = -357 + 650. Is a prime?
True
Suppose b - 72 = 235. Is b prime?
True
Let l(q) = q**3 + 19*q**2 - 9*q - 30. Is l(-17) a composite number?
False
Let l(i) = 28*i**2 - 1. Let h be l(5). Suppose x = -f + 4*x + 245, 3*f - h = -3*x. Suppose -5*q = -8 - 7, 5*u - f = 3*q. Is u composite?
True
Suppose 2*j + 2*w = -3*j + 1603